{"id":5380,"date":"2018-07-24T21:24:53","date_gmt":"2018-07-24T19:24:53","guid":{"rendered":"http:\/\/meier-gerdingh.de\/wp-spd-ob\/?page_id=5380"},"modified":"2025-07-23T17:50:53","modified_gmt":"2025-07-23T15:50:53","slug":"ub-geschaeftsstelle","status":"publish","type":"page","link":"https:\/\/meier-gerdingh.de\/wp-spd-ob\/unterbezirk\/ub-geschaeftsstelle\/","title":{"rendered":"UB-Gesch\u00e4ftsstelle"},"content":{"rendered":"<header class=\"spd-ob-entry-header\">\n<div class=\"spd-ob-25-logo\"><span class=\"spd-ob-25-logo-spd\">SPD<\/span><span class=\"spd-ob-25-logo-unterbezirk\">-Unterbezirk<\/span> <span class=\"spd-ob-25-logo-oberhausen\">Oberhausen<\/span><\/div>\n<h1 class=\"spd-ob-headline\"><span class=\"spd-ob-light\">UB-<\/span>Gesch\u00e4ftsstelle<\/h1>\n<\/header>\n<p class=\"spd-ob-intro-p\">Die Gesch\u00e4ftsstelle der Oberhausener SPD, kurz &#8222;Parteib\u00fcro&#8220;, ist Serviceb\u00fcro f\u00fcr B\u00fcrger und Parteimitglieder. Au\u00dferdem befinden sich hier die Wahlkreisb\u00fcros der Oberhausener SPD-Abgeordneten im Bundestag und im Landtag. F\u00fcr B\u00fcrgerinnen und B\u00fcrger ist das B\u00fcro eine Anlaufstelle, um Informationen zur politischen Arbeit der SPD vor Ort und im Allgemeinen zu erhalten. Die ehrenamtlich arbeitenden Parteimitglieder werden ebenfalls vom B\u00fcro unterst\u00fctzt.<\/p>\n<div><div id=\"image-map-pro-1795\"><\/div><\/div>\n<div class=\"spd-ob-25-module-container\">\n<h3 class=\"spd-ob-25-module-headline\"><span class=\"spd-ob-light\">UB-<\/span>Gesch\u00e4ftsstelle<span class=\"spd-ob-colon\">:<\/span><span class=\"spd-ob-module-pipe\"> | <\/span><span class=\"spd-ob-black\"> Ort<\/span><\/h3>\n<div class=\"spd-ob-generic-row\"><a href=\"https:\/\/meier-gerdingh.de\/wp-spd-ob\/wp-content\/uploads\/2022\/06\/ub-geschaeftsstelle-neu.jpg\" class=\"spd-ob-25-vorsitz-image\"><img decoding=\"async\" src=\"https:\/\/meier-gerdingh.de\/wp-spd-ob\/wp-content\/uploads\/2022\/06\/ub-geschaeftsstelle-neu.jpg\" alt=\"\" width=\"700\" height=\"471\" class=\"aligncenter size-full wp-image-9077\" srcset=\"https:\/\/meier-gerdingh.de\/wp-spd-ob\/wp-content\/uploads\/2022\/06\/ub-geschaeftsstelle-neu.jpg 700w, https:\/\/meier-gerdingh.de\/wp-spd-ob\/wp-content\/uploads\/2022\/06\/ub-geschaeftsstelle-neu-300x202.jpg 300w\" sizes=\"(max-width: 700px) 100vw, 700px\" \/><\/a><\/div>\n<div class=\"spd-ob-25-generic-row\">\n<h5 class=\"spd-ob-25-name\"><span class=\"spd-ob-25-first-name\">Schwartzstra\u00dfe 52<\/span> <span class=\"spd-ob-25-module-pipe\"> | <\/span> 46045 Oberhausen <span class=\"spd-ob-25-module-pipe-2\"> | <\/span><span class=\"spd-ob-25-function\"> SPD-Unterbezirk Oberhausen<\/span><\/h5>\n<div class=\"spd-ob-25-contact-row\"><a class=\"spd-ob-25-contact-link\" href=\"mailto:info@spd-oberhausen.de\"><i class=\"fa-solid fa-at\"><\/i> E-Mail<\/a><a class=\"spd-ob-25-contact-link\" href=\"tel:004920823334\"><i class=\"fa-solid fa-phone\"><\/i> Telefon<\/a><a class=\"spd-ob-25-contact-link\" href=\"https:\/\/meier-gerdingh.de\/wp-spd-ob\/\"><i class=\"fa-solid fa-globe\"><\/i> Homepage<\/a><a class=\"spd-ob-25-contact-link\" href=\"https:\/\/www.facebook.com\/SPDOberhausen2020\"><i class=\"fa-brands fa-facebook-f\"><\/i> Facebook<\/a><a class=\"spd-ob-25-contact-link\" href=\"https:\/\/www.google.de\/maps\/place\/SPD+Oberhausen\/@51.4734717,6.8566023,19.44z\/data=!4m5!3m4!1s0x47b8c02e0dcc9f09:0xf1460195573ba634!8m2!3d51.4734967!4d6.8571732\"><i class=\"fa-brands fa-google\"><\/i><\/i> Google Maps<\/a><\/div>\n<\/p><\/div>\n<\/div>\n<div class=\"spd-ob-25-module-container\">\n<h3 class=\"spd-ob-25-module-headline\"><span class=\"spd-ob-light\">UB-<\/span>Gesch\u00e4ftsstelle<span class=\"spd-ob-colon\">:<\/span><span class=\"spd-ob-module-pipe\"> | <\/span><span class=\"spd-ob-black\"> Kontakt<\/span><\/h3>\n<div class=\"spd-ob-generic-row\"><a class=\"spd-ob-25-vorsitz-image\" href=\"https:\/\/meier-gerdingh.de\/wp-spd-ob\/wp-content\/uploads\/2025\/07\/rampe-carsten-lg.jpg\"><img decoding=\"async\" class=\"aligncenter size-full wp-image-8998\" src=\"https:\/\/meier-gerdingh.de\/wp-spd-ob\/wp-content\/uploads\/2025\/07\/rampe-carsten.jpg\" alt=\"\" width=\"700\" height=\"551\" \/><\/a><\/div>\n<div class=\"spd-ob-25-generic-row\">\n<h5 class=\"spd-ob-25-name\"><span class=\"spd-ob-25-first-name\">Carsten<\/span> Rampe<span class=\"spd-ob-25-module-pipe\"> | <\/span><span class=\"spd-ob-25-function\"> Gesch\u00e4ftsf\u00fchrer<\/span><\/h5>\n<div class=\"spd-ob-25-contact-row\"><a class=\"spd-ob-25-contact-link\" href=\"mailto:carsten.rampe@spd.de\"><i class=\"fa-solid fa-at\"><\/i> E-Mail<\/a><a class=\"spd-ob-25-contact-link\" href=\"tel:004920825964\"><i class=\"fa-solid fa-phone\"><\/i> Telefon<\/a><\/div>\n<\/div>\n<\/div>\n","protected":false},"excerpt":{"rendered":"<p>SPD-Unterbezirk Oberhausen UB-Gesch\u00e4ftsstelle Die Gesch\u00e4ftsstelle der Oberhausener SPD, kurz &#8222;Parteib\u00fcro&#8220;, ist Serviceb\u00fcro f\u00fcr B\u00fcrger und Parteimitglieder. Au\u00dferdem befinden sich hier die Wahlkreisb\u00fcros der Oberhausener SPD-Abgeordneten im Bundestag und im Landtag.&hellip; <\/p>\n","protected":false},"author":1,"featured_media":0,"parent":5359,"menu_order":0,"comment_status":"closed","ping_status":"closed","template":"","meta":{"footnotes":""},"class_list":["post-5380","page","type-page","status-publish","hentry"],"_links":{"self":[{"href":"https:\/\/meier-gerdingh.de\/wp-spd-ob\/wp-json\/wp\/v2\/pages\/5380","targetHints":{"allow":["GET"]}}],"collection":[{"href":"https:\/\/meier-gerdingh.de\/wp-spd-ob\/wp-json\/wp\/v2\/pages"}],"about":[{"href":"https:\/\/meier-gerdingh.de\/wp-spd-ob\/wp-json\/wp\/v2\/types\/page"}],"author":[{"embeddable":true,"href":"https:\/\/meier-gerdingh.de\/wp-spd-ob\/wp-json\/wp\/v2\/users\/1"}],"replies":[{"embeddable":true,"href":"https:\/\/meier-gerdingh.de\/wp-spd-ob\/wp-json\/wp\/v2\/comments?post=5380"}],"version-history":[{"count":0,"href":"https:\/\/meier-gerdingh.de\/wp-spd-ob\/wp-json\/wp\/v2\/pages\/5380\/revisions"}],"up":[{"embeddable":true,"href":"https:\/\/meier-gerdingh.de\/wp-spd-ob\/wp-json\/wp\/v2\/pages\/5359"}],"wp:attachment":[{"href":"https:\/\/meier-gerdingh.de\/wp-spd-ob\/wp-json\/wp\/v2\/media?parent=5380"}],"curies":[{"name":"wp","href":"https:\/\/api.w.org\/{rel}","templated":true}]}}

UB-Geschäftsstelle

<header class="spd-ob-entry-header">
<div class="spd-ob-25-logo"><span class="spd-ob-25-logo-spd">SPD</span><span class="spd-ob-25-logo-unterbezirk">-Unterbezirk</span> <span class="spd-ob-25-logo-oberhausen">Oberhausen</span></div>
<h1 class="spd-ob-headline"><span class="spd-ob-light">UB-</span>Geschäftsstelle</h1>
</header>
<p class="spd-ob-intro-p">Die Geschäftsstelle der Oberhausener SPD, kurz &#8222;Parteibüro&#8220;, ist Servicebüro für Bürger und Parteimitglieder. Außerdem befinden sich hier die Wahlkreisbüros der Oberhausener SPD-Abgeordneten im Bundestag und im Landtag. Für Bürgerinnen und Bürger ist das Büro eine Anlaufstelle, um Informationen zur politischen Arbeit der SPD vor Ort und im Allgemeinen zu erhalten. Die ehrenamtlich arbeitenden Parteimitglieder werden ebenfalls vom Büro unterstützt.</p>
<div><div id="image-map-pro-1795"></div></div>
<div class="spd-ob-25-module-container">
<h3 class="spd-ob-25-module-headline"><span class="spd-ob-light">UB-</span>Geschäftsstelle<span class="spd-ob-colon">:</span><span class="spd-ob-module-pipe"> | </span><span class="spd-ob-black"> Ort</span></h3>
<div class="spd-ob-generic-row"><a href="https://meier-gerdingh.de/wp-spd-ob/wp-content/uploads/2022/06/ub-geschaeftsstelle-neu.jpg" class="spd-ob-25-vorsitz-image"><img decoding="async" src="https://meier-gerdingh.de/wp-spd-ob/wp-content/uploads/2022/06/ub-geschaeftsstelle-neu.jpg" alt="" width="700" height="471" class="aligncenter size-full wp-image-9077" srcset="https://meier-gerdingh.de/wp-spd-ob/wp-content/uploads/2022/06/ub-geschaeftsstelle-neu.jpg 700w, https://meier-gerdingh.de/wp-spd-ob/wp-content/uploads/2022/06/ub-geschaeftsstelle-neu-300x202.jpg 300w" sizes="(max-width: 700px) 100vw, 700px" /></a></div>
<div class="spd-ob-25-generic-row">
<h5 class="spd-ob-25-name"><span class="spd-ob-25-first-name">Schwartzstraße 52</span> <span class="spd-ob-25-module-pipe"> | </span> 46045 Oberhausen <span class="spd-ob-25-module-pipe-2"> | </span><span class="spd-ob-25-function"> SPD-Unterbezirk Oberhausen</span></h5>
<div class="spd-ob-25-contact-row"><a class="spd-ob-25-contact-link" href="mailto:info@spd-oberhausen.de"><i class="fa-solid fa-at"></i> E-Mail</a><a class="spd-ob-25-contact-link" href="tel:004920823334"><i class="fa-solid fa-phone"></i> Telefon</a><a class="spd-ob-25-contact-link" href="https://meier-gerdingh.de/wp-spd-ob/"><i class="fa-solid fa-globe"></i> Homepage</a><a class="spd-ob-25-contact-link" href="https://www.facebook.com/SPDOberhausen2020"><i class="fa-brands fa-facebook-f"></i> Facebook</a><a class="spd-ob-25-contact-link" href="https://www.google.de/maps/place/SPD+Oberhausen/@51.4734717,6.8566023,19.44z/data=!4m5!3m4!1s0x47b8c02e0dcc9f09:0xf1460195573ba634!8m2!3d51.4734967!4d6.8571732"><i class="fa-brands fa-google"></i></i> Google Maps</a></div>
</p></div>
</div>
<div class="spd-ob-25-module-container">
<h3 class="spd-ob-25-module-headline"><span class="spd-ob-light">UB-</span>Geschäftsstelle<span class="spd-ob-colon">:</span><span class="spd-ob-module-pipe"> | </span><span class="spd-ob-black"> Kontakt</span></h3>
<div class="spd-ob-generic-row"><a class="spd-ob-25-vorsitz-image" href="https://meier-gerdingh.de/wp-spd-ob/wp-content/uploads/2025/07/rampe-carsten-lg.jpg"><img decoding="async" class="aligncenter size-full wp-image-8998" src="https://meier-gerdingh.de/wp-spd-ob/wp-content/uploads/2025/07/rampe-carsten.jpg" alt="" width="700" height="551" /></a></div>
<div class="spd-ob-25-generic-row">
<h5 class="spd-ob-25-name"><span class="spd-ob-25-first-name">Carsten</span> Rampe<span class="spd-ob-25-module-pipe"> | </span><span class="spd-ob-25-function"> Geschäftsführer</span></h5>
<div class="spd-ob-25-contact-row"><a class="spd-ob-25-contact-link" href="mailto:carsten.rampe@spd.de"><i class="fa-solid fa-at"></i> E-Mail</a><a class="spd-ob-25-contact-link" href="tel:004920825964"><i class="fa-solid fa-phone"></i> Telefon</a></div>
</div>
</div>

<p>SPD-Unterbezirk Oberhausen UB-Geschäftsstelle Die Geschäftsstelle der Oberhausener SPD, kurz &#8222;Parteibüro&#8220;, ist Servicebüro für Bürger und Parteimitglieder. Außerdem befinden sich hier die Wahlkreisbüros der Oberhausener SPD-Abgeordneten im Bundestag und im Landtag.&hellip; </p>
