{"id":10705,"date":"2021-03-11T09:34:30","date_gmt":"2021-03-11T08:34:30","guid":{"rendered":"https:\/\/meier-gerdingh.de\/wp-spd-ob\/?post_type=spd-frak-ob-antrag&#038;p=10705"},"modified":"2023-10-03T13:52:53","modified_gmt":"2023-10-03T11:52:53","slug":"sachstand-mangelhaften-raeumung-der-geh-und-fahrradwege-sowie-strassen-von-schnee-und-eis-waehrend-der-frostperiode-vom-7-bis-14-februar","status":"publish","type":"spd-frak-ob-antrag","link":"https:\/\/meier-gerdingh.de\/wp-spd-ob\/fraktion\/antraege\/sachstand-mangelhaften-raeumung-der-geh-und-fahrradwege-sowie-strassen-von-schnee-und-eis-waehrend-der-frostperiode-vom-7-bis-14-februar\/","title":{"rendered":"Sachstand: Mangelhaften R\u00e4umung der Geh- und Fahrradwege sowie Stra\u00dfen von Schnee und Eis w\u00e4hrend der Frostperiode vom 7. bis 14. Februar"},"content":{"rendered":"\n","protected":false},"featured_media":0,"template":"","meta":{"spd_frak_ob_antrag_datum":"2021-03-18","spd_frak_ob_antrag_allris_link":"https:\/\/allris.oberhausen.de\/bi\/vo020.asp?VOLFDNR=14547"},"categories":[391,7],"tags":[3222,3766,43],"gremien":[3602],"quellen":[326],"class_list":["post-10705","spd-frak-ob-antrag","type-spd-frak-ob-antrag","status-publish","hentry","category-konzern-stadt","category-sicherheit","tag-sbo","tag-schneeraeumung","tag-wbo","gremien-umweltausschuss","quellen-spd-fraktion-oberhausen"],"_links":{"self":[{"href":"https:\/\/meier-gerdingh.de\/wp-spd-ob\/wp-json\/wp\/v2\/spd-frak-ob-antrag\/10705","targetHints":{"allow":["GET"]}}],"collection":[{"href":"https:\/\/meier-gerdingh.de\/wp-spd-ob\/wp-json\/wp\/v2\/spd-frak-ob-antrag"}],"about":[{"href":"https:\/\/meier-gerdingh.de\/wp-spd-ob\/wp-json\/wp\/v2\/types\/spd-frak-ob-antrag"}],"wp:attachment":[{"href":"https:\/\/meier-gerdingh.de\/wp-spd-ob\/wp-json\/wp\/v2\/media?parent=10705"}],"wp:term":[{"taxonomy":"category","embeddable":true,"href":"https:\/\/meier-gerdingh.de\/wp-spd-ob\/wp-json\/wp\/v2\/categories?post=10705"},{"taxonomy":"post_tag","embeddable":true,"href":"https:\/\/meier-gerdingh.de\/wp-spd-ob\/wp-json\/wp\/v2\/tags?post=10705"},{"taxonomy":"gremien","embeddable":true,"href":"https:\/\/meier-gerdingh.de\/wp-spd-ob\/wp-json\/wp\/v2\/gremien?post=10705"},{"taxonomy":"quellen","embeddable":true,"href":"https:\/\/meier-gerdingh.de\/wp-spd-ob\/wp-json\/wp\/v2\/quellen?post=10705"}],"curies":[{"name":"wp","href":"https:\/\/api.w.org\/{rel}","templated":true}]}}

Sachstand: Mangelhaften Räumung der Geh- und Fahrradwege sowie Straßen von Schnee und Eis während der Frostperiode vom 7. bis 14. Februar
