{"id":11485,"date":"2024-05-23T11:32:01","date_gmt":"2024-05-23T09:32:01","guid":{"rendered":"https:\/\/meier-gerdingh.de\/wp-spd-ob\/?post_type=spd-frak-ob-antrag&#038;p=11485"},"modified":"2024-06-12T15:20:22","modified_gmt":"2024-06-12T13:20:22","slug":"einfuehrung-einer-quote-fuer-oeffentlich-gefoerderten-wohnungsbau","status":"publish","type":"spd-frak-ob-antrag","link":"https:\/\/meier-gerdingh.de\/wp-spd-ob\/fraktion\/antraege\/einfuehrung-einer-quote-fuer-oeffentlich-gefoerderten-wohnungsbau\/","title":{"rendered":"Einf\u00fchrung einer Quote f\u00fcr \u00f6ffentlich-gef\u00f6rderten Wohnungsbau"},"content":{"rendered":"\n","protected":false},"featured_media":0,"template":"","meta":{"spd_frak_ob_antrag_datum":"2024-07-01","spd_frak_ob_antrag_allris_link":"https:\/\/ratsinfo.oberhausen.de\/vo020?VOLFDNR=1000585"},"categories":[27],"tags":[3182,4086,4088,1881,4087,108,2186],"gremien":[3583],"quellen":[326],"class_list":["post-11485","spd-frak-ob-antrag","type-spd-frak-ob-antrag","status-publish","hentry","category-planen-bauen-wohnen-verkehr","tag-mietwohnungen","tag-mietwohnungsbau","tag-oeffentlich-gefoerderter-wohnraum","tag-sozialwohnungen","tag-wohnraum","tag-wohnungsbau","tag-wohnungsnot","gremien-rat-der-stadt","quellen-spd-fraktion-oberhausen"],"_links":{"self":[{"href":"https:\/\/meier-gerdingh.de\/wp-spd-ob\/wp-json\/wp\/v2\/spd-frak-ob-antrag\/11485","targetHints":{"allow":["GET"]}}],"collection":[{"href":"https:\/\/meier-gerdingh.de\/wp-spd-ob\/wp-json\/wp\/v2\/spd-frak-ob-antrag"}],"about":[{"href":"https:\/\/meier-gerdingh.de\/wp-spd-ob\/wp-json\/wp\/v2\/types\/spd-frak-ob-antrag"}],"wp:attachment":[{"href":"https:\/\/meier-gerdingh.de\/wp-spd-ob\/wp-json\/wp\/v2\/media?parent=11485"}],"wp:term":[{"taxonomy":"category","embeddable":true,"href":"https:\/\/meier-gerdingh.de\/wp-spd-ob\/wp-json\/wp\/v2\/categories?post=11485"},{"taxonomy":"post_tag","embeddable":true,"href":"https:\/\/meier-gerdingh.de\/wp-spd-ob\/wp-json\/wp\/v2\/tags?post=11485"},{"taxonomy":"gremien","embeddable":true,"href":"https:\/\/meier-gerdingh.de\/wp-spd-ob\/wp-json\/wp\/v2\/gremien?post=11485"},{"taxonomy":"quellen","embeddable":true,"href":"https:\/\/meier-gerdingh.de\/wp-spd-ob\/wp-json\/wp\/v2\/quellen?post=11485"}],"curies":[{"name":"wp","href":"https:\/\/api.w.org\/{rel}","templated":true}]}}

Einführung einer Quote für öffentlich-geförderten Wohnungsbau
