{"id":12245,"date":"2025-01-21T17:46:26","date_gmt":"2025-01-21T16:46:26","guid":{"rendered":"https:\/\/meier-gerdingh.de\/wp-spd-ob\/?post_type=spd-frak-ob-antrag&#038;p=12245"},"modified":"2025-01-21T17:46:26","modified_gmt":"2025-01-21T16:46:26","slug":"pruefung-der-fussgaengerquerung-an-der-auffahrt-zum-rhein-herne-kanal-im-kreuzungsbereich-liricher-ulmen-nelkenstrasse","status":"publish","type":"spd-frak-ob-antrag","link":"https:\/\/meier-gerdingh.de\/wp-spd-ob\/fraktion\/antraege\/pruefung-der-fussgaengerquerung-an-der-auffahrt-zum-rhein-herne-kanal-im-kreuzungsbereich-liricher-ulmen-nelkenstrasse\/","title":{"rendered":"Pr\u00fcfung der Fu\u00dfg\u00e4ngerquerung an der Auffahrt zum Rhein-Herne-Kanal im Kreuzungsbereich Liricher- \/ Ulmen- \/ Nelkenstra\u00dfe"},"content":{"rendered":"\n","protected":false},"featured_media":0,"template":"","meta":{"spd_frak_ob_antrag_datum":"2025-01-29","spd_frak_ob_antrag_allris_link":"https:\/\/ratsinfo.oberhausen.de\/vo020?VOLFDNR=1001894"},"categories":[3070,7,167],"tags":[65,4359,4234,183,4360,4361,1303],"gremien":[3586],"quellen":[326],"class_list":["post-12245","spd-frak-ob-antrag","type-spd-frak-ob-antrag","status-publish","hentry","category-mobilitaet","category-sicherheit","category-stadtteile","tag-alt-oberhausen","tag-fussgaengerquerung","tag-fussgaengerueberweg","tag-lirich","tag-liricher-strasse","tag-nelkenstrasse","tag-ulmenstrasse","gremien-bezirksvertretung-alt-oberhausen","quellen-spd-fraktion-oberhausen"],"_links":{"self":[{"href":"https:\/\/meier-gerdingh.de\/wp-spd-ob\/wp-json\/wp\/v2\/spd-frak-ob-antrag\/12245","targetHints":{"allow":["GET"]}}],"collection":[{"href":"https:\/\/meier-gerdingh.de\/wp-spd-ob\/wp-json\/wp\/v2\/spd-frak-ob-antrag"}],"about":[{"href":"https:\/\/meier-gerdingh.de\/wp-spd-ob\/wp-json\/wp\/v2\/types\/spd-frak-ob-antrag"}],"wp:attachment":[{"href":"https:\/\/meier-gerdingh.de\/wp-spd-ob\/wp-json\/wp\/v2\/media?parent=12245"}],"wp:term":[{"taxonomy":"category","embeddable":true,"href":"https:\/\/meier-gerdingh.de\/wp-spd-ob\/wp-json\/wp\/v2\/categories?post=12245"},{"taxonomy":"post_tag","embeddable":true,"href":"https:\/\/meier-gerdingh.de\/wp-spd-ob\/wp-json\/wp\/v2\/tags?post=12245"},{"taxonomy":"gremien","embeddable":true,"href":"https:\/\/meier-gerdingh.de\/wp-spd-ob\/wp-json\/wp\/v2\/gremien?post=12245"},{"taxonomy":"quellen","embeddable":true,"href":"https:\/\/meier-gerdingh.de\/wp-spd-ob\/wp-json\/wp\/v2\/quellen?post=12245"}],"curies":[{"name":"wp","href":"https:\/\/api.w.org\/{rel}","templated":true}]}}

Prüfung der Fußgängerquerung an der Auffahrt zum Rhein-Herne-Kanal im Kreuzungsbereich Liricher- / Ulmen- / Nelkenstraße
