{"id":12381,"date":"2025-03-25T15:58:31","date_gmt":"2025-03-25T14:58:31","guid":{"rendered":"https:\/\/meier-gerdingh.de\/wp-spd-ob\/?post_type=spd-frak-ob-antrag&#038;p=12381"},"modified":"2026-03-11T15:09:27","modified_gmt":"2026-03-11T14:09:27","slug":"rahmenbedingungen-darstellen-zur-erweiterung-des-im-alsbachtal-ansaessigen-vereins-fuer-koerper-und-mehrfachbehinderte-menschen-alsbachtal-e-v-und-zur-neuordnung-des-ehemaligen-freibadgelaendes","status":"publish","type":"spd-frak-ob-antrag","link":"https:\/\/meier-gerdingh.de\/wp-spd-ob\/fraktion\/antraege\/rahmenbedingungen-darstellen-zur-erweiterung-des-im-alsbachtal-ansaessigen-vereins-fuer-koerper-und-mehrfachbehinderte-menschen-alsbachtal-e-v-und-zur-neuordnung-des-ehemaligen-freibadgelaendes\/","title":{"rendered":"Rahmenbedingungen darstellen zur Erweiterung des im Alsbachtal ans\u00e4ssigen Vereins f\u00fcr k\u00f6rper- und mehrfachbehinderte Menschen Alsbachtal e.V. und zur Neuordnung des ehemaligen Freibadgel\u00e4ndes"},"content":{"rendered":"\n","protected":false},"featured_media":0,"template":"","meta":{"spd_frak_ob_antrag_datum":"2025-03-27","spd_frak_ob_antrag_allris_link":"https:\/\/ratsinfo.oberhausen.de\/vo020?VOLFDNR=1002231"},"categories":[27],"tags":[284,4457,4456,4455],"gremien":[3601],"quellen":[326],"class_list":["post-12381","spd-frak-ob-antrag","type-spd-frak-ob-antrag","status-publish","hentry","category-planen-bauen-wohnen-verkehr","tag-alsbachtal","tag-ehemaliges-freibad-alsbachtal","tag-verein-alsbachtal","tag-verein-fuer-koerper-und-mehrfachbehinderte-menschen-alsbachtal-e-v","gremien-stadtplanungs-und-mobilitaetsausschuss","quellen-spd-fraktion-oberhausen"],"_links":{"self":[{"href":"https:\/\/meier-gerdingh.de\/wp-spd-ob\/wp-json\/wp\/v2\/spd-frak-ob-antrag\/12381","targetHints":{"allow":["GET"]}}],"collection":[{"href":"https:\/\/meier-gerdingh.de\/wp-spd-ob\/wp-json\/wp\/v2\/spd-frak-ob-antrag"}],"about":[{"href":"https:\/\/meier-gerdingh.de\/wp-spd-ob\/wp-json\/wp\/v2\/types\/spd-frak-ob-antrag"}],"wp:attachment":[{"href":"https:\/\/meier-gerdingh.de\/wp-spd-ob\/wp-json\/wp\/v2\/media?parent=12381"}],"wp:term":[{"taxonomy":"category","embeddable":true,"href":"https:\/\/meier-gerdingh.de\/wp-spd-ob\/wp-json\/wp\/v2\/categories?post=12381"},{"taxonomy":"post_tag","embeddable":true,"href":"https:\/\/meier-gerdingh.de\/wp-spd-ob\/wp-json\/wp\/v2\/tags?post=12381"},{"taxonomy":"gremien","embeddable":true,"href":"https:\/\/meier-gerdingh.de\/wp-spd-ob\/wp-json\/wp\/v2\/gremien?post=12381"},{"taxonomy":"quellen","embeddable":true,"href":"https:\/\/meier-gerdingh.de\/wp-spd-ob\/wp-json\/wp\/v2\/quellen?post=12381"}],"curies":[{"name":"wp","href":"https:\/\/api.w.org\/{rel}","templated":true}]}}

Rahmenbedingungen darstellen zur Erweiterung des im Alsbachtal ansässigen Vereins für körper- und mehrfachbehinderte Menschen Alsbachtal e.V. und zur Neuordnung des ehemaligen Freibadgeländes
