{"id":13514,"date":"2026-02-24T21:33:33","date_gmt":"2026-02-24T20:33:33","guid":{"rendered":"https:\/\/meier-gerdingh.de\/wp-spd-ob\/?post_type=spd-frak-ob-antrag&#038;p=13514"},"modified":"2026-03-11T21:34:57","modified_gmt":"2026-03-11T20:34:57","slug":"ergaenzende-beschilderung-an-der-einmuendung-schlaegelstrasse-auf-die-grenzstrasse","status":"publish","type":"spd-frak-ob-antrag","link":"https:\/\/meier-gerdingh.de\/wp-spd-ob\/fraktion\/antraege\/ergaenzende-beschilderung-an-der-einmuendung-schlaegelstrasse-auf-die-grenzstrasse\/","title":{"rendered":"Erg\u00e4nzende Beschilderung an der Einm\u00fcndung Schl\u00e4gelstra\u00dfe auf die Grenzstra\u00dfe"},"content":{"rendered":"\n","protected":false},"featured_media":0,"template":"","meta":{"spd_frak_ob_antrag_datum":"2026-03-04","spd_frak_ob_antrag_allris_link":"https:\/\/ratsinfo.oberhausen.de\/vo020?VOLFDNR=1005986"},"categories":[3070,7,167],"tags":[65,4765,4764,4763,42],"gremien":[3586],"quellen":[326],"class_list":["post-13514","spd-frak-ob-antrag","type-spd-frak-ob-antrag","status-publish","hentry","category-mobilitaet","category-sicherheit","category-stadtteile","tag-alt-oberhausen","tag-beschilderung","tag-grenzstrasse","tag-schlaegelstrasse","tag-verkehrsschilder","gremien-bezirksvertretung-alt-oberhausen","quellen-spd-fraktion-oberhausen"],"_links":{"self":[{"href":"https:\/\/meier-gerdingh.de\/wp-spd-ob\/wp-json\/wp\/v2\/spd-frak-ob-antrag\/13514","targetHints":{"allow":["GET"]}}],"collection":[{"href":"https:\/\/meier-gerdingh.de\/wp-spd-ob\/wp-json\/wp\/v2\/spd-frak-ob-antrag"}],"about":[{"href":"https:\/\/meier-gerdingh.de\/wp-spd-ob\/wp-json\/wp\/v2\/types\/spd-frak-ob-antrag"}],"wp:attachment":[{"href":"https:\/\/meier-gerdingh.de\/wp-spd-ob\/wp-json\/wp\/v2\/media?parent=13514"}],"wp:term":[{"taxonomy":"category","embeddable":true,"href":"https:\/\/meier-gerdingh.de\/wp-spd-ob\/wp-json\/wp\/v2\/categories?post=13514"},{"taxonomy":"post_tag","embeddable":true,"href":"https:\/\/meier-gerdingh.de\/wp-spd-ob\/wp-json\/wp\/v2\/tags?post=13514"},{"taxonomy":"gremien","embeddable":true,"href":"https:\/\/meier-gerdingh.de\/wp-spd-ob\/wp-json\/wp\/v2\/gremien?post=13514"},{"taxonomy":"quellen","embeddable":true,"href":"https:\/\/meier-gerdingh.de\/wp-spd-ob\/wp-json\/wp\/v2\/quellen?post=13514"}],"curies":[{"name":"wp","href":"https:\/\/api.w.org\/{rel}","templated":true}]}}

Ergänzende Beschilderung an der Einmündung Schlägelstraße auf die Grenzstraße
