{"id":13515,"date":"2026-02-26T21:35:09","date_gmt":"2026-02-26T20:35:09","guid":{"rendered":"https:\/\/meier-gerdingh.de\/wp-spd-ob\/?post_type=spd-frak-ob-antrag&#038;p=13515"},"modified":"2026-03-11T21:36:29","modified_gmt":"2026-03-11T20:36:29","slug":"aenderung-der-verkehrsfuehrung-an-der-stollenstrasse","status":"publish","type":"spd-frak-ob-antrag","link":"https:\/\/meier-gerdingh.de\/wp-spd-ob\/fraktion\/antraege\/aenderung-der-verkehrsfuehrung-an-der-stollenstrasse\/","title":{"rendered":"\u00c4nderung der Verkehrsf\u00fchrung an der Stollenstra\u00dfe"},"content":{"rendered":"\n","protected":false},"featured_media":0,"template":"","meta":{"spd_frak_ob_antrag_datum":"2026-03-05","spd_frak_ob_antrag_allris_link":"https:\/\/ratsinfo.oberhausen.de\/vo020?VOLFDNR=1006141"},"categories":[3070,7,167],"tags":[46,4766,1814],"gremien":[3588],"quellen":[326],"class_list":["post-13515","spd-frak-ob-antrag","type-spd-frak-ob-antrag","status-publish","hentry","category-mobilitaet","category-sicherheit","category-stadtteile","tag-sterkrade","tag-stollenstrasse","tag-verkehrsfuehrung","gremien-bezirksvertretung-sterkrade","quellen-spd-fraktion-oberhausen"],"_links":{"self":[{"href":"https:\/\/meier-gerdingh.de\/wp-spd-ob\/wp-json\/wp\/v2\/spd-frak-ob-antrag\/13515","targetHints":{"allow":["GET"]}}],"collection":[{"href":"https:\/\/meier-gerdingh.de\/wp-spd-ob\/wp-json\/wp\/v2\/spd-frak-ob-antrag"}],"about":[{"href":"https:\/\/meier-gerdingh.de\/wp-spd-ob\/wp-json\/wp\/v2\/types\/spd-frak-ob-antrag"}],"wp:attachment":[{"href":"https:\/\/meier-gerdingh.de\/wp-spd-ob\/wp-json\/wp\/v2\/media?parent=13515"}],"wp:term":[{"taxonomy":"category","embeddable":true,"href":"https:\/\/meier-gerdingh.de\/wp-spd-ob\/wp-json\/wp\/v2\/categories?post=13515"},{"taxonomy":"post_tag","embeddable":true,"href":"https:\/\/meier-gerdingh.de\/wp-spd-ob\/wp-json\/wp\/v2\/tags?post=13515"},{"taxonomy":"gremien","embeddable":true,"href":"https:\/\/meier-gerdingh.de\/wp-spd-ob\/wp-json\/wp\/v2\/gremien?post=13515"},{"taxonomy":"quellen","embeddable":true,"href":"https:\/\/meier-gerdingh.de\/wp-spd-ob\/wp-json\/wp\/v2\/quellen?post=13515"}],"curies":[{"name":"wp","href":"https:\/\/api.w.org\/{rel}","templated":true}]}}

Änderung der Verkehrsführung an der Stollenstraße
