{"id":13516,"date":"2026-02-26T21:36:48","date_gmt":"2026-02-26T20:36:48","guid":{"rendered":"https:\/\/meier-gerdingh.de\/wp-spd-ob\/?post_type=spd-frak-ob-antrag&#038;p=13516"},"modified":"2026-03-11T21:38:08","modified_gmt":"2026-03-11T20:38:08","slug":"wiederherstellung-des-oeffentlichen-parkplatzes-an-der-sportanlage-von-gruen-weiss-holten","status":"publish","type":"spd-frak-ob-antrag","link":"https:\/\/meier-gerdingh.de\/wp-spd-ob\/fraktion\/antraege\/wiederherstellung-des-oeffentlichen-parkplatzes-an-der-sportanlage-von-gruen-weiss-holten\/","title":{"rendered":"Wiederherstellung des \u00f6ffentlichen Parkplatzes an der Sportanlage von Gr\u00fcn-Wei\u00df Holten"},"content":{"rendered":"\n","protected":false},"featured_media":0,"template":"","meta":{"spd_frak_ob_antrag_datum":"2026-03-05","spd_frak_ob_antrag_allris_link":"https:\/\/ratsinfo.oberhausen.de\/vo020?VOLFDNR=1006134"},"categories":[3070,167],"tags":[4767,386,92,4112,46],"gremien":[3588],"quellen":[326],"class_list":["post-13516","spd-frak-ob-antrag","type-spd-frak-ob-antrag","status-publish","hentry","category-mobilitaet","category-stadtteile","tag-gruen-weiss-holten","tag-holten","tag-parken","tag-parkplaetze","tag-sterkrade","gremien-bezirksvertretung-sterkrade","quellen-spd-fraktion-oberhausen"],"_links":{"self":[{"href":"https:\/\/meier-gerdingh.de\/wp-spd-ob\/wp-json\/wp\/v2\/spd-frak-ob-antrag\/13516","targetHints":{"allow":["GET"]}}],"collection":[{"href":"https:\/\/meier-gerdingh.de\/wp-spd-ob\/wp-json\/wp\/v2\/spd-frak-ob-antrag"}],"about":[{"href":"https:\/\/meier-gerdingh.de\/wp-spd-ob\/wp-json\/wp\/v2\/types\/spd-frak-ob-antrag"}],"wp:attachment":[{"href":"https:\/\/meier-gerdingh.de\/wp-spd-ob\/wp-json\/wp\/v2\/media?parent=13516"}],"wp:term":[{"taxonomy":"category","embeddable":true,"href":"https:\/\/meier-gerdingh.de\/wp-spd-ob\/wp-json\/wp\/v2\/categories?post=13516"},{"taxonomy":"post_tag","embeddable":true,"href":"https:\/\/meier-gerdingh.de\/wp-spd-ob\/wp-json\/wp\/v2\/tags?post=13516"},{"taxonomy":"gremien","embeddable":true,"href":"https:\/\/meier-gerdingh.de\/wp-spd-ob\/wp-json\/wp\/v2\/gremien?post=13516"},{"taxonomy":"quellen","embeddable":true,"href":"https:\/\/meier-gerdingh.de\/wp-spd-ob\/wp-json\/wp\/v2\/quellen?post=13516"}],"curies":[{"name":"wp","href":"https:\/\/api.w.org\/{rel}","templated":true}]}}

Wiederherstellung des öffentlichen Parkplatzes an der Sportanlage von Grün-Weiß Holten
